tiple of 29?
True
Is 117 a factor of 14445?
False
Is 4 a factor of 384?
True
Is 23 a factor of 18906?
True
Does 5 divide 650?
True
Is 16464 a multiple of 16?
True
Is 1230 a multiple of 10?
True
Is 30689 a multiple of 21?
False
Is 56 a factor of 224?
True
Does 148 divide 4618?
False
Is 789 a multiple of 34?
False
Does 4 divide 91?
False
Is 49 a factor of 505?
False
Is 21 a factor of 7455?
True
Does 48 divide 5237?
False
Is 66 even?
True
Does 8 divide 8308?
False
Is 3321 a multiple of 121?
False
Is 73 a factor of 730?
True
Does 13 divide 2639?
True
Does 7 divide 2463?
False
Does 2 divide 8129?
False
Is 24 a factor of 6000?
True
Is 14 a factor of 210?
True
Does 18 divide 828?
True
Is 4 a factor of 592?
True
Does 4 divide 67?
False
Does 90 divide 7200?
True
Is 338 a multiple of 4?
False
Is 65 a multiple of 13?
True
Is 106 a factor of 1272?
True
Does 16 divide 13969?
False
Is 53 a factor of 5635?
False
Is 66 a factor of 929?
False
Is 1711 a multiple of 94?
False
Does 5 divide 353?
False
Is 6 a factor of 153?
False
Is 377 a multiple of 9?
False
Is 231 a factor of 37878?
False
Does 34 divide 1472?
False
Is 3587 a multiple of 17?
True
Is 35772 a multiple of 22?
True
Is 4 a factor of 203?
False
Is 12610 a multiple of 9?
False
Does 33 divide 1815?
True
Is 34 a factor of 340?
True
Is 124 a factor of 40499?
False
Is 441 a multiple of 3?
True
Is 28438 a multiple of 241?
True
Is 49 a factor of 4753?
True
Is 829 a multiple of 130?
False
Does 45 divide 405?
True
Does 7 divide 2765?
True
Does 16 divide 720?
True
Does 5 divide 509?
False
Is 13 a factor of 3539?
False
Is 23 a factor of 11661?
True
Does 6 divide 210?
True
Is 75843 a multiple of 8?
False
Is 51 a factor of 459?
True
Is 18 a factor of 864?
True
Is 32 a factor of 607?
False
Does 15 divide 10245?
True
Does 167 divide 49098?
True
Is 3 a factor of 36?
True
Is 49 a factor of 5016?
False
Does 14 divide 9377?
False
Is 26 a factor of 90428?
True
Does 49 divide 474?
False
Is 4457 a multiple of 5?
False
Does 20 divide 93074?
False
Is 6 a factor of 2031?
False
Is 115881 a multiple of 129?
False
Is 41 a factor of 685?
False
Does 37 divide 925?
True
Is 6235 a multiple of 145?
True
Is 88 a multiple of 38?
False
Is 48 a factor of 952?
False
Does 29 divide 298?
False
Is 12144 a multiple of 141?
False
Is 782 a multiple of 17?
True
Is 13 a factor of 28201?
False
Is 30 a factor of 651?
False
Is 760 even?
True
Is 1765 a multiple of 82?
False
Is 24 a factor of 192?
True
Does 31 divide 372?
True
Does 22 divide 26202?
True
Is 920 a multiple of 23?
True
Does 5 divide 6203?
False
Is 119 a factor of 666?
False
Does 15 divide 1116?
False
Is 26 a factor of 2162?
False
Is 27 a factor of 135?
True
Is 50 a factor of 4295?
False
Is 17 a factor of 135?
False
Is 6 a factor of 797?
False
Does 45 divide 180?
True
Is 9 a factor of 23799?
False
Does 28 divide 1596?
True
Does 7 divide 134?
False
Does 7 divide 67364?
False
Does 16 divide 72165?
False
Does 371 divide 9475?
False
Does 4 divide 19368?
True
Is 9 a factor of 738?
True
Is 4316 a multiple of 3?
False
Is 5 a factor of 215?
True
Is 54 a factor of 2322?
True
Is 72 a factor of 2399?
False
Does 93 divide 363?
False
Is 1062 a multiple of 18?
True
Is 130 a factor of 8060?
True
Does 18 divide 396?
True
Is 77995 a multiple of 95?
True
Is 688 a multiple of 16?
True
Is 12 a factor of 1453?
False
Is 19844 a multiple of 164?
True
Is 1394 a multiple of 17?
True
Is 14313 a multiple of 24?
False
Is 12 a factor of 5340?
True
Is 75 a factor of 2819?
False
Is 15 a factor of 1320?
True
Is 127 a factor of 76962?
True
Does 37 divide 666?
True
Is 15 a factor of 3097?
False
Is 34 a factor of 5277?
False
Is 4688 a multiple of 16?
True
Is 11 a factor of 28159?
False
Is 2201 a multiple of 24?
False
Is 5 a factor of 243?
False
Is 1184 a multiple of 16?
True
Is 9171 a multiple of 36?
False
Is 14 a factor of 320?
False
Is 6426 a multiple of 21?
True
Is 5 a factor of 8304?
False
Does 15 divide 5832?
False
Does 6 divide 2697?
False
Is 6 a factor of 2572?
False
Does 27 divide 1167?
False
Does 3 divide 3015?
True
Does 90 divide 40759?
False
Does 8 divide 3400?
True
Does 8 divide 2297?
False
Is 12 a factor of 3052?
False
Is 28 a factor of 252?
True
Does 6 divide 94?
False
Is 1062 a multiple of 9?
True
Is 12 a factor of 39953?
False
Is 4 a factor of 17666?
False
Does 109 divide 5014?
True
Does 140 divide 23380?
True
Is 43958 a multiple of 53?
False
Is 8050 a multiple of 16?
False
Is 9 a factor of 4901?
False
Is 35 a factor of 2597?
False
Is 756 a multiple of 18?
True
Is 1966 a multiple of 9?
False
Is 3604 a multiple of 66?
False
Is 31221 a multiple of 6?
False
Is 28 a factor of 2115?
False
Is 21226 a multiple of 288?
False
Does 12 divide 2140?
False
Does 17 divide 116?
False
Is 771 a multiple of 14?
False
Is 83 a factor of 996?
True
Does 37 divide 9768?
True
Is 42 a factor of 2388?
False
Is 245 a multiple of 11?
False
Is 1656 a multiple of 46?
True
Does 7 divide 1180?
False
Is 43472 a multiple of 143?
True
Does 34 divide 11322?
True
Is 121646 a multiple of 15?
False
Does 55 divide 2695?
True
Is 3 a factor of 111?
True
Does 2 divide 72?
True
Does 6 divide 213?
False
Is 76 a factor of 16829?
False
Does 25 divide 875?
True
Is 110 a factor of 34459?
False
Is 5064 a multiple of 51?
False
Is 42 a factor of 29564?
False
Is 168 a multiple of 12?
True
Does 6 divide 9636?
True
Does 44 divide 1760?
True
Does 9 divide 2313?
True
Is 28652 a multiple of 26?
True
Is 329 a multiple of 4?
False
Is 111 a multiple of 37?
True
Is 102 a factor of 2142?
True
Is 7 a factor of 405?
False
Does 20 divide 380?
True
Does 14 divide 20622?
True
Is 16 a factor of 91438?
False
Is 9345 a multiple of 22?
False
Does 4 divide 1388?
True
Is 17 a factor of 1158?
False
Is 1119 a multiple of 66?
False
Is 1416 a multiple of 59?
True
Is 30 a factor of 33115?
False
Is 7 a factor of 191?
False
Is 29235 a multiple of 108?
False
Is 6020 a multiple of 70?
True
Is 161 a factor of 322?
True
Is 9096 a multiple of 90?
False
Does 20 divide 800?
True
Is 32 a factor of 47661?
False
Is 63316 a multiple of 44?
True
Is 60 a factor of 5951?
False
Is 108491 a multiple of 187?
False
Is 16752 a multiple of 24?
True
Does 41 divide 1687?
False
Is 52 a factor of 3298?
False
Does 89 divide 109559?
True
Is 181 a multiple of 8?
False
Does 35 divide 571?
False
Is 4012 a multiple of 118?
True
Is 11 a factor of 3322?
True
Is 4 a factor of 3972?
True
Is 67 a factor of 7035?
True
Is 333 a multiple of 3?
True
Is 692 a multiple of 4?
True
Is 37 a factor of 3361?
False
Is 79 a factor of 1975?
True
Is 20304 a multiple of 18?
True
Is 45195 a multiple of 56?
False
Is 293 a multiple of 40?
False
Is 49 a multiple of 7?
True
Does 47 divide 1643?
False
Does 234 divide 43524?
True
Does 10 divide 308?
False
Does 20 divide 4647?
False
Is 59 a factor of 694?
False
Does 15 divide 9583?
False
Does 16 divide 3629?
False
Is 3765 a multiple of 19?
False
Does 9 divide 4104?
True
Is 125 a factor of 8822?
False
Is 21 a factor of 5250?
True
Is 29 a factor of 2296?
False
Does 7 divide 104?
False
Does 19 divide 1805?
True
Does 15 divide 578?
False
Does 38 divide 1723?
False
Is 3791 a multiple of 83?
False
Does 37 divide 21682?
True
Is 741 a multiple of 13?
True
Is 60204 a multiple of 12?
True
Is 11682 a multiple of 66?
True
Is 1760 even?
True
Is 8448 a multiple of 16?
True
Is 5 a factor of 1960?
True
Is 17 a factor of 36356?
False
Is 6734 a multiple of 26?
True
Is 704 a multiple of 11?
True
Is 893 a multiple of 19?
True
Is 4739 a multiple of 14?
False
Is 1329 a multiple of 12?
False
Is 1593 a multiple of 9?
True
Is 27 a factor of 925?
False
Does 6 divide 584?
False
Is 13 a factor of 208?
True
Is 43 a factor of 11011?
False
Is 840 a multiple of 21?
True
Is 11622 a multiple of 3?
True
Is 1804 a multiple of 8?
False
Does 40 divide 1096?
False
Does 4 divide 8512?
True
Does 6 divide 312?
True
Does 14 divide 4214?
True
Is 10914 a multiple of 74?
False
Is 54 a factor of 291?
False
Is 204 a factor of 25092?
True
Is 25 a factor of 375?
True
Is 8 a factor of 8422?
False
Is 6104 a multiple of 84?
False
Is 936 a multiple of 52?
True
Does 128 divide 14208?
True
Is 17 a factor of 4440?
False
Is 7 a factor of 2576?
True
Is 2372 a multiple of 116?
False
Does 36 divide 903?
False
Does 67 divide 167?
False
Is 36 a factor 